ase 10) to base 12
2
-47 (base 10) to base 9
-52
What is -2 (base 6) in base 11?
-2
-2 (base 8) to base 3
-2
Convert 11110 (base 2) to base 6.
50
Convert -84 (base 9) to base 12.
-64
What is 80 (base 10) in base 13?
62
What is -d (base 14) in base 7?
-16
2 (base 4) to base 15
2
Convert 5 (base 14) to base 10.
5
What is -38 (base 12) in base 7?
-62
37 (base 9) to base 7
46
4 (base 9) to base 14
4
What is 5 (base 12) in base 9?
5
Convert -100 (base 2) to base 14.
-4
What is -1 (base 5) in base 12?
-1
-101 (base 3) to base 14
-a
Convert 300 (base 6) to base 3.
11000
Convert 3 (base 4) to base 8.
3
What is -101 (base 2) in base 6?
-5
Convert 33 (base 7) to base 10.
24
What is 0 (base 16) in base 9?
0
Convert 147 (base 12) to base 5.
1244
0 (base 16) to base 9
0
Convert 44 (base 15) to base 7.
121
What is 13 (base 14) in base 13?
14
What is -1 (base 9) in base 10?
-1
Convert 212 (base 3) to base 15.
18
Convert -41 (base 5) to base 3.
-210
What is 5 (base 14) in base 6?
5
120 (base 3) to base 9
16
Convert -11 (base 12) to base 5.
-23
Convert 9 (base 12) to base 2.
1001
What is -110 (base 2) in base 4?
-12
Convert 1 (base 4) to base 16.
1
What is 7 (base 11) in base 13?
7
What is 47 (base 8) in base 7?
54
Convert -122 (base 6) to base 16.
-32
328 (base 9) to base 15
12e
-d (base 14) to base 4
-31
-201 (base 4) to base 12
-29
Convert -3 (base 8) to base 2.
-11
2 (base 7) to base 15
2
What is -11 (base 2) in base 15?
-3
Convert 4 (base 10) to base 6.
4
-2 (base 10) to base 15
-2
Convert 13 (base 12) to base 3.
120
What is 35 (base 9) in base 6?
52
What is 2e (base 16) in base 3?
1201
57 (base 13) to base 15
4c
14 (base 13) to base 7
23
Convert 24 (base 12) to base 4.
130
149 (base 10) to base 6
405
What is 2 (base 5) in base 8?
2
Convert c (base 15) to base 8.
14
What is b (base 15) in base 4?
23
Convert 202 (base 3) to base 5.
40
What is -3 (base 16) in base 3?
-10
1 (base 7) to base 3
1
Convert -4 (base 10) to base 2.
-100
215 (base 8) to base 7
261
What is b2 (base 13) in base 4?
2101
-13 (base 8) to base 11
-10
Convert 17 (base 15) to base 4.
112
101 (base 5) to base 11
24
What is -10 (base 16) in base 11?
-15
-2 (base 16) to base 14
-2
What is -3 (base 13) in base 3?
-10
What is -100 (base 3) in base 13?
-9
Convert -1 (base 14) to base 3.
-1
Convert 242 (base 7) to base 16.
80
What is -3 (base 16) in base 14?
-3
What is 24 (base 9) in base 14?
18
Convert 60 (base 12) to base 7.
132
Convert 14 (base 10) to base 11.
13
Convert 8 (base 16) to base 3.
22
Convert -204 (base 11) to base 6.
-1050
Convert 3 (base 14) to base 10.
3
-1014 (base 6) to base 15
-101
6a (base 12) to base 8
122
What is 0 (base 12) in base 9?
0
What is -26 (base 9) in base 15?
-19
Convert -1 (base 7) to base 9.
-1
-200 (base 3) to base 16
-12
0 (base 2) to base 16
0
-20 (base 8) to base 9
-17
-2 (base 6) to base 10
-2
-2 (base 6) to base 9
-2
Convert -d (base 14) to base 12.
-11
What is 1132 (base 4) in base 5?
334
6b (base 14) to base 8
137
What is 10 (base 8) in base 10?
8
Convert 24 (base 8) to base 10.
20
Convert 1 (base 12) to base 2.
1
What is 47 (base 12) in base 6?
131
10 (base 11) to base 15
b
Convert 7 (base 15) to base 10.
7
-12 (base 12) to base 16
-e
Convert -5 (base 11) to base 5.
-10
What is -5 (base 13) in base 3?
-12
32 (base 8) to base 6
42
Convert -12 (base 3) to base 14.
-5
What is -7 (base 16) in base 10?
-7
What is -14 (base 6) in base 14?
-a
-202 (base 4) to base 2
-100010
-2 (base 14) to base 16
-2
What is -3 (base 15) in base 3?
-10
1 (base 12) to base 2
1
What is -10 (base 7) in base 10?
-7
Convert -4 (base 16) to base 4.
-10
212 (base 6) to base 4
1100
Convert 10 (base 7) to base 12.
7
Convert -100 (base 2) to base 4.
-10
-23 (base 10) to base 7
-32
Convert 110 (base 2) to base 13.
6
What is -10 (base 4) in base 2?
-100
3122 (base 4) to base 2
11011010
What is 7 (base 8) in base 14?
7
What is -11123 (base 4) in base 11?
-296
What is -2 (base 11) in base 12?
-2
What is 66 (base 10) in base 6?
150
-2 (base 14) to base 7
-2
What is -205 (base 7) in base 15?
-6d
What is -22 (base 3) in base 7?
-11
110 (base 3) to base 10
12
Convert -43 (base 6) to base 4.
-123
-23 (base 5) to base 4
-31
-166 (base 12) to base 4
-3132
Convert 6d (base 14) to base 15.
67
What is -2 (base 5) in base 8?
-2
11110 (base 2) to base 4
132
Convert -3 (base 15) to base 5.
-3
Convert -167 (base 8) to base 7.
-230
What is -1 (base 6) in base 8?
-1
What is -9 (base 11) in base 10?
-9
What is -3 (base 7) in base 16?
-3
Convert -5a (base 16) to base 7.
-156
Convert -5 (base 9) to base 16.
-5
10200 (base 3) to base 10
99
-11110 (base 2) to base 14
-22
What is 3 (base 15) in base 14?
3
-141 (base 8) to base 3
-10121
What is 1002 (base 4) in base 16?
42
What is 9 (base 13) in base 2?
1001
Convert 3 (base 8) to base 12.
3
What is -1 (base 7) in base 13?
-1
Convert 41 (base 5) to base 9.
23
Convert 11 (base 7) to base 11.
8
What is 23 (base 5) in base 6?
21
Convert 4 (base 14) to base 4.
10
What is 10 (base 8) in base 9?
8
Convert 3 (base 9) to base 3.
10
Convert 3 (base 5) to base 15.
3
6 (base 8) to base 15
6
What is 0 (base 8) in base 14?
0
Convert -2 (base 12) to base 8.
-2
231 (base 4) to base 15
30
Convert -22 (base 14) to base 4.
-132
29 (base 12) to base 7
45
Convert 80 (base 14) to base 15.
77
Convert a3 (base 11) to base 15.
78
What is 0 (base 14) in base 13?
0
-1 (base 10) to base 14
-1
What is 18 (base 9) in base 2?
10001
-230 (base 6) to base 11
-82
What is -3e (base 15) in base 4?
-323
-102 (base 3) to base 8
-13
Convert 51 (base 11) to base 15.
3b
2 (base 13) to base 3
2
What is 10 (base 5) in base 13?
5
Convert 24 (base 7) to base 16.
12
39 (base 10) to base 11
36
-1101 (base 2) to base 16
-d
10 (base 16) to base 10
16
101110001 (base 2) to base 6
1413
310 (base 6) to base 8
162
Convert 14 (base 14) to base 15.
13
Convert 4 (base 10) to base 14.
4
Convert 3 (base 8) to base 12.
3
Convert 206 (base 13) to base 7.
1001
10010 (base 2) to base 6
30
-12 (base 9) to base 10
-11
-2 (base 14) to base 2
-10
1011111 (base 2) to base 4
1133
Convert -6 (base 11) to base 12.
-6
What is 3 (base 7) in base 16?
3
What is 77 (base 10) in base 6?
205
Convert -8 (base 10) to base 9.
-8
16 (base 7) to base 15
d
12 (base 6) to base 3
22
1 (base 5) to base 4
1
0 (base 2) to base 12
0
310 (base 7) to base 12
10a
105 (base 15) to base 3
22112
What is -1010 (base 3) in base 2?
-11110
-57 (base 11) to base 5
-222
-1201 (base 4) to base 7
-166
-2 (base 7) to base 4
-2
Convert 12 (base 14) to base 8.
20
10 (base 3) to base 9
3
What is 30 (base 4) in base 9?
13
-13b (base 12) to base 15
-cb
What is -1 (base 5) in base 6?
-1
Convert -1 (base 4) to base 16.
-1
What is 314 (base 6) in base 10?
118
What is -2 (base 5) in base 9?
-2
Convert 53 (base 9) to base 13.
39
1 (base 11) to base 12
1
What is 117 (base 10) in base 15?
7c
Convert -8 (base 14) to base 6.
-12
Convert -56 (base 12) to base 7.
-123
Convert 12 (base 10) to base 7.
15
What is -8 (base 9) in base 15?
-8
What is -75 (base 8) in base 14?
-45
Convert 101 (base 3) to base 13.
a
What is 10 (base 7) in base 9?
7
Convert 100001 (base 2) to base 7.
45
What is 1 (base 14) in base 9?
1
Convert 22120 (base 3) to base 16.
e7
Convert 16 (base 12) to base 15.
13
What is 8 (base 15) in base 16?
8
Convert 3 (base 14) to base 12.
3
Convert -3 (base 12) to base 6.
-3
-2 (base 16) to base 15
-2
Convert -2 (base 11) to base 5.
-2
What is -9 (base 13) in base 3?
-100
What is -257 (base 9) in base 3?
-21221
What is 4b (base 14) in base 10?
67
-1 (base 9) to base 4
-1
What is 1 (base 16) in base 2?
1
What is -122 (base 4) in base 10?
-26
-2 (base 13) to base 12
-2
What is -4 (base 5) in base 2?
-100
What is 13 (base 15) in base 14?
14
What is -32 (base 10) in base 11?
-2a
Convert 0 (base 9) to base 5.
0
Convert -be (base 15) to base 5.
-1204
Convert -c4 (base 16) to base 9.
-237
Convert 10000000 (base 2) to base 16.
80
What is 23 (base 11) in base 7?
34
What is 31 (base 7) in base 6?
34
-8 (base 10) to base 5
-13
What is -45 (base 10) in base 5?
-140
What is 251 (base 7) in base 9?
158
Convert 1100110 (base 2) to base 8.
146
What is -53 (base 6) in base 16?
-21
Convert 6 (base 15) to base 3.
20
Convert -77 (base 14) to base 5.
-410
What is 3100 (base 4) in base 1